f d.
5
Let d(s) be the third derivative of -s**6/120 - s**4/12 + 43*s**3/3 - 2*s**2. List the prime factors of d(0).
2, 43
Suppose -b = -8*b + 6958. List the prime factors of b.
2, 7, 71
Let z(p) = 38*p**2 - 21*p + 1. What are the prime factors of z(-4)?
3, 7, 11
Let g = 719 + -290. List the prime factors of g.
3, 11, 13
Suppose -3*s + 372 = 3*i, 4*i - 4*s - 464 = -0*i. Suppose -g + 130 = -5*k + g, 0 = -5*k + 4*g - i. Let t = 0 - k. List the prime factors of t.
2, 7
Suppose -5*g + g = w - 228, w = 2*g + 210. Let f = -147 + w. What are the prime factors of f?
3, 23
Let u(d) = 25*d + 26. Let l be u(-20). Let s = -231 - l. List the prime factors of s.
3
Let d = -2656 - -4528. Suppose -13*t + 1794 = -d. What are the prime factors of t?
2, 3, 47
Let v = -191 + 681. What are the prime factors of v?
2, 5, 7
Suppose -19 = q + 5*z - 0, 3*q + 18 = -2*z. List the prime factors of q/((-70)/17 + 4).
2, 17
Let k = 24 - -132. Suppose -8*l + 4*l = -k. List the prime factors of l.
3, 13
Let x(u) = -3*u**3 - 6*u**2 + 2*u - 15. Let j = 11 + -16. What are the prime factors of x(j)?
2, 5
Let n be (-39)/(-26)*28/6. Let s(z) = -z**2 - 4*z - n + z**3 + z**3 - 2*z + 9*z. List the prime factors of s(3).
47
Let r be (0 + 1)/(20/(-12) - -2). Suppose r*z + 8 = -h + 40, 4*h - 84 = -z. List the prime factors of h.
2, 5
Suppose 7*h = 8*h + 2. List the prime factors of (1 - 677)/(-4) + h + 0.
167
Let g be -24*(68/36 - -1)*-9. Suppose -g = -5*u - u. What are the prime factors of u?
2, 13
Suppose 5*c + 4 = -3*t, -t = -5*c - 0*c + 8. Let s be -469 + 2/c + 1. List the prime factors of (-28)/(-182) - s/13.
2, 3
Suppose 13*z - 28 = -z. Suppose n = -5*y + 2*y + 37, -5*y = -z*n + 74. List the prime factors of n.
37
Suppose 4*i - 10 = 2*i, -2*g = -3*i + 23. Let h(v) be the third derivative of v**5/15 - v**4/6 - v**3/2 - 2*v**2. List the prime factors of h(g).
7, 11
Suppose 16*m = 18*m - 5788. What are the prime factors of m?
2, 1447
Let x = 5 + -9. Suppose 21*h - 23*h + 6 = 0. List the prime factors of 26*(-2)/(x/h).
3, 13
List the prime factors of 3 + -2 + 487 - 5.
3, 7, 23
Suppose 0 = 2*m - 1130 - 296. What are the prime factors of m?
23, 31
Let q be (-12)/6*((-25)/2 + 1). List the prime factors of (7 - 4)*q*1.
3, 23
Suppose 1355 = 4*y + 4*s - 757, -4*s = -12. List the prime factors of y.
3, 5, 7
Let v(w) = w**3 - 9*w**2 + 9. Let g be v(7). Suppose 2*k + 5*u + 280 = 0, -k + 0*k - 122 = -2*u. Let i = g - k. List the prime factors of i.
41
Suppose -2*q + 3*s - 9 = -0*q, 3*q = -s + 14. Suppose -q*m - 54 = -5*m. List the prime factors of m.
3
Let l = -43 + 88. Let f(m) = -m**3 + 2*m + 4. Let h be f(-3). Suppose c = h + l. What are the prime factors of c?
2, 5, 7
Suppose -j - 7*z + 8*z = -1799, 0 = -3*j - z + 5389. What are the prime factors of j?
3, 599
Let u(p) = p**2 - 9*p - 4. Let g(l) = -2*l**2 + 8*l + 5. Let z(k) = -2*g(k) - 3*u(k). What are the prime factors of z(-12)?
2, 7
List the prime factors of (-2)/8*(-1)/((-3)/(-18660)).
5, 311
Suppose 11*y = 24*y - 1118. List the prime factors of y.
2, 43
Let a(i) = 20*i**2 + 10*i - 60. Let n(r) = -59*r**2 - 30*r + 178. Let y(k) = -11*a(k) - 4*n(k). What are the prime factors of y(4)?
2, 61
Let h be 5/10 - (-10)/4. Let g be h + -7 + 3 - -6. What are the prime factors of 3 + -2 + 3*g?
2
Let o(r) = 6*r + 2. Let y be o(-3). Let b = 14 + y. List the prime factors of 42/12 + b/4.
3
Let a(c) be the third derivative of -3*c**4/8 - 16*c**3/3 + 17*c**2. What are the prime factors of a(-8)?
2, 5
Let y = 47 - 45. Let x(o) = 23*o**2 - 6*o + 8. What are the prime factors of x(y)?
2, 11
Let j(z) = -z**3 - 5*z**2 + 4*z - 8. Let b be j(-6). Suppose -4*h - 6 - 6 = 3*d, -b*h - 20 = 5*d. Suppose h*r - 2*r + 72 = 0. What are the prime factors of r?
2, 3
Let g(j) = 3*j**2 + 116 + 3*j + 3*j - 119. What are the prime factors of g(4)?
3, 23
Suppose 0 = i - p + 75, 3*i - 77 = 4*p - 302. Let h be (i/4)/((-1)/4). Let j = 109 - h. What are the prime factors of j?
2, 17
Let u(s) = 61*s - 1. Let m be u(3). Suppose 152 = 2*p - 98. Let o = m - p. List the prime factors of o.
3, 19
Suppose 5*m = -2*v + 45, -5*v = -v + m - 117. Let k be v - (-3 + 8 + -3). Suppose -c = -4*c - g + k, -4*c + 39 = 3*g. List the prime factors of c.
3
Let l = -22 + 31. Suppose -4*t + l*t = 165. List the prime factors of t.
3, 11
Suppose -5*a + 6*a - 138 = 0. What are the prime factors of a?
2, 3, 23
Let j be 42/(-8) + 2/8. Let b(l) = 6*l**2 + l + 4. Let z(o) = o**2 + 1. Let d(t) = b(t) - 5*z(t). List the prime factors of d(j).
19
Let l = 487 + 63. What are the prime factors of l?
2, 5, 11
List the prime factors of 114/171 + 8023/3.
5, 107
Let y(l) = -3*l**2 + 12*l - 2. Let w(d) = 16*d**2 - 60*d + 11. Let x = 18 + -7. Let m(j) = x*y(j) + 2*w(j). What are the prime factors of m(9)?
3
Let r = 13 + -9. Suppose -6*p + 452 = 4*f - 3*p, -p = -r. Suppose 4*s - f = -s. What are the prime factors of s?
2, 11
Suppose 6*x + 3*c = 5*x + 4, c = 5*x - 20. Suppose 675 = 5*a + 5*h, x*a - 6*a + 5*h = -298. List the prime factors of a.
139
Let q be 4*4/8 + 2. Suppose -i = q*o - 207, i - 3*i = -5*o + 262. What are the prime factors of o?
2, 13
Let y(h) be the first derivative of -7 - 2/3*h**3 + 1/4*h**4 - 1/2*h**2 - 3*h. What are the prime factors of y(3)?
3
Let l(f) = -2*f - 4. Let h be l(0). Let o be -4 + 252 + (-16)/h. Suppose 5*v - 33 - o = 0. What are the prime factors of v?
3, 19
Let c(w) = 13*w**3 + 4*w**2 + 3*w - 14. Let l(o) = 12*o**3 + 3*o**2 + 3*o - 13. Let a(s) = -4*c(s) + 5*l(s). What are the prime factors of a(3)?
3, 23
Suppose -w + 18 = -166. What are the prime factors of w/10 - (-6)/(-15)?
2, 3
Let z(g) = 5*g - 15. Let b(r) = r**2 - 6*r + 6. Let n be b(5). Let y(w) = 9*w**2. Let x be y(n). List the prime factors of z(x).
2, 3, 5
Let r be (1 - -2) + 0 - 3. Suppose r = 3*z + 2*g - 17, -z + 3*g = 2*z - 42. List the prime factors of z.
3
Suppose 0 = -0*p - 4*p + 2*b + 4616, -4*b = -p + 1147. List the prime factors of p.
3, 5, 7, 11
Let k = -2124 + 3324. What are the prime factors of k?
2, 3, 5
Suppose 3*r = -5*q + 30, -q - r = -2*q + 14. Suppose q*j - j = 160. What are the prime factors of j?
2, 5
What are the prime factors of 1 + ((-26)/(-39))/((-6)/(-2367))?
2, 3, 11
Let j be 2/(-8) + 14/(-8). Let d = -360 + 363. List the prime factors of (d - 4)*7*j.
2, 7
Let a be 1/(-3 - ((-11)/2 - -2)). Suppose a*q - 3*q = -14. What are the prime factors of q?
2, 7
Let x = -21 + -22. List the prime factors of ((-2)/(-4))/((-1)/2)*x.
43
Suppose 4*a = 6*a - 36. Let m = a - 13. Suppose 5*g + u - m*u - 174 = 0, -4*g = -u - 148. List the prime factors of g.
2, 19
Suppose -5*f = 2*g - 10905, -4*f + 3463 + 5261 = 5*g. What are the prime factors of f?
3, 727
Let t(w) be the third derivative of -w**6/120 + 3*w**5/10 + 3*w**4/4 + 4*w**3 - 15*w**2. Let c be t(19). Suppose c*s + 134 = 424. List the prime factors of s.
2, 29
Let a(j) = -44*j - 45. List the prime factors of a(-14).
571
Let p(r) = -r - 4. Let u(b) = -b - 3. Let s be u(5). Let x be p(s). Suppose -x*d + 45 = -27. What are the prime factors of d?
2, 3
Let b(g) = 41*g**2 - 2*g + 4. Let y be b(3). Let l = y + -102. What are the prime factors of l?
5, 53
Let d(x) be the third derivative of -71*x**6/40 + 5*x**4/24 + 5*x**3/6 + 18*x**2. List the prime factors of d(-1).
3, 71
Suppose 6*j - j - 55 = 0. Let n(i) = -i**3 + 12*i**2 - 8*i - 4. What are the prime factors of n(j)?
29
Let w = -7 - -10. Suppose o - w*o - 6 = 0. What are the prime factors of (2*-9)/o + 2?
2
Let h be 4 + (-1 - -4 - 7). Suppose -99 = -5*q + 2*q + 3*j, h = q + 3*j - 33. What are the prime factors of q?
3, 11
Let l be 2 - -2*12*1. Let r(q) = -q**2 - 9*q - 36. Let p be r(-8). What are the prime factors of l/2 + p/(-7)?
17
Let b be (0 + -9)*(-1)/3. Suppose 3*z = -b + 126. Suppose -4*i + 101 = 5*q, -3*q - 2*i = -20 - z. List the prime factors of q.
3, 7
Suppose 0 = -2*q - 1 + 7. Let b = 3 - 0. What are the prime factors of 4 + (b/q - 3)?
2
Let r(x) = -x**2 + 4*x. Let o be r(2). Let g(p) = -p**3 + 8*p**2 - 9*p - 1. Let l be g(6). Suppose -3 - l = -o*i. What are the prime factors of i?
5
Suppose 10*o = 7*o + 1221. Let j = -7 + o. What are the prime factors of (0 - -1)/(8/j)?
2, 5
Let y be ((24/5)/3)/(6/1815). Suppose -3*h + y = h. List the prime factors of h.
11
Suppose -8*t + 9*t - 2 = 0. Suppose 84 =